 the prime factors of k?
4091
List the prime factors of (9 + -6)*1509/9.
503
Suppose 9*y + 225 = 4*y. Let u = y + 74. List the prime factors of u.
29
Suppose 4*d - 123 = -1443. Let p = 204 + d. List the prime factors of 9/(-45) + p/(-5).
5
Let n(c) = 2*c**2 + c - 4. Let r be n(3). Let z(v) = v**2 - v + 3. Let j be z(0). What are the prime factors of (j + r)*(-4)/(-10)?
2
Let z(y) be the first derivative of -27*y**2/2 - 10. What are the prime factors of z(-2)?
2, 3
Let d(i) = 14*i + 1133. List the prime factors of d(0).
11, 103
Let d = 971 - 474. What are the prime factors of d?
7, 71
Suppose -1884 = -12*o + 3036. What are the prime factors of o?
2, 5, 41
Let x(f) = 15*f + 3*f + 5*f + 22*f - 12. Let y be x(3). Let r = y - 82. What are the prime factors of r?
41
Let k = 118 + -110. Suppose k*v = 899 + 1021. List the prime factors of v.
2, 3, 5
Let n(r) = -8*r - 20. Let i be n(-3). Let t = 14 - 8. Suppose 7 = y + 4*h, -y - t*h + h = -i. What are the prime factors of y?
19
Let j = 392 + -560. What are the prime factors of (2 + 28/(-12))/(2/j)?
2, 7
List the prime factors of (-19)/(247/(-26)) - -1979.
7, 283
Let w(o) be the first derivative of o**3 + 15*o**2/2 - 14*o - 40. List the prime factors of w(4).
2, 47
Suppose 12*d - 116 = 8*d + 5*f, 2*f - 87 = -3*d. Suppose d = 2*o - 13. List the prime factors of o.
3, 7
Let p = 392 + -250. Suppose 5*z + p = 557. Let b = -37 + z. What are the prime factors of b?
2, 23
Let r = -36 - -493. What are the prime factors of r?
457
Suppose 0 = 5*s - 5*y - 12970, -70*y - 12954 = -5*s - 69*y. What are the prime factors of s?
2, 5, 7, 37
Let y(s) = 8*s**2 - 3*s + 10 - 2 - 3*s - 4*s - s**3. Suppose 19 = 4*z - 5*a, 3*z - 3*a + 9 = 4*z. List the prime factors of y(z).
2, 5
Let o(t) = t**2 - 5*t + 16. Let l(c) = c**3 + 4*c**2 - 13*c + 5. Let g be l(-6). What are the prime factors of o(g)?
2, 41
What are the prime factors of (221/(-68))/(-2 - (-885)/444)?
13, 37
Let l = -99 - -393. List the prime factors of l.
2, 3, 7
Suppose -3974 = -538*p + 537*p. What are the prime factors of p?
2, 1987
Let x(o) = 2*o**2 + 1. Let y be -4*(-3)/4 - 0. Suppose -12 = 2*s + s - 2*d, 0 = s - y*d + 4. List the prime factors of x(s).
3, 11
Let k = 3 - 0. Suppose -45 = -4*f - k*o + 333, 2*f - 184 = -4*o. List the prime factors of f.
2, 3
Let j = -7 + 1. Let i = -31 - -8. Let v = j - i. What are the prime factors of v?
17
Let w = 6 + -2. Suppose 14 = 2*v + 4*h, -w*v + 11 = -5*h - 4. What are the prime factors of v?
5
Let l be (-2)/(-5) - 184/(-40). Suppose -2*d - 235 = -7*d + l*y, 2*y = -2. Suppose 0 = 2*v - 0*v - d. List the prime factors of v.
23
Suppose -4*d = -4*l + 6036, -4*l - 4*d + 9*d + 6033 = 0. List the prime factors of l.
2, 3, 7
List the prime factors of (-3)/(3 + 6510/(-2165)).
433
Suppose -u + 5*n + 1 = -45, -5*n + 78 = 3*u. Suppose -h + 3*b + u = b, -4*h = -4*b - 116. What are the prime factors of h?
3
Suppose 7*c = -2*r + 3*c - 4, 4*c + 28 = 2*r. Let t be (20/15)/(4/r). Let m = 3 + t. List the prime factors of m.
5
Let i(h) = -46*h**2 - 2*h + 3. Let q be i(2). Let g = q - -298. List the prime factors of g.
113
Suppose 90 = 4*c - 9*c. Let b = -5 + 16. Let n = b - c. List the prime factors of n.
29
Suppose 0 = 11*u - 20*u + 5724. What are the prime factors of u?
2, 3, 53
Let f(r) = 49*r**3 + r**2 + 2*r - 2. Let s(j) = -2*j**2 + 7*j - 2. Let w be s(3). List the prime factors of f(w).
2, 5
Let d = 126 - 2. Suppose 4*r + 2*f = 58 + 34, 5*r - 2*f = d. Suppose 5*h - h = r. List the prime factors of h.
2, 3
Let y be (1 - 0)*(60 - -1). Let a(n) = n**3 + 12*n**2 + 19*n - 5. Let r be a(-10). Suppose -7*v + 3*v + r = i, 5*i = -2*v + y. List the prime factors of i.
13
Suppose 2*a - r - 13 = 0, r + 1 + 4 = 0. Suppose -7*v = -a*v - 24. Suppose -z = 3*d + 3*z - 74, 4*z - v = 0. What are the prime factors of d?
2, 11
Suppose -4*d + 5*l = l, 0 = d - 2*l. Suppose -5*r = -5*c + 205, 5*c + 0*r + r - 217 = d. What are the prime factors of c?
43
What are the prime factors of (3368/16 - -2)*132/10?
3, 5, 11, 17
Let j = 48 - 48. Suppose j = -65*r + 69*r - 420. What are the prime factors of r?
3, 5, 7
Let s be (18/45)/((-2)/(-60)). Let l be (21/s)/((-2)/64). Let g = l - -102. What are the prime factors of g?
2, 23
Suppose -51 - 13 = 4*o. Let k = 88 + o. List the prime factors of k.
2, 3
Suppose 2*n + 2 = -z - 3*n, 5*n = -4*z + 7. What are the prime factors of 1/((-3)/(-86))*1*z?
2, 43
Suppose 23*u - 1017 = 20*u. List the prime factors of u.
3, 113
Let z(a) = a**3 - 27*a**2 - 29*a + 29. Let o be z(28). Let n(j) = 194*j**2 + 1. List the prime factors of n(o).
3, 5, 13
Let m(j) = -j - 1. Let s(i) = -6*i + 1. Let a(y) = 5*m(y) - 5*s(y). List the prime factors of a(5).
5, 23
Suppose 5*r - 3*n - 1016 = n, -5*r - 4*n + 984 = 0. Let w = r + -139. List the prime factors of w.
61
Suppose -2*i + 8 = -5*g - 5, 22 = 5*i - 2*g. Suppose -r + i = -2*r. Let m = r - -11. What are the prime factors of m?
7
Let m(j) = j**2 + 11*j + 141. List the prime factors of m(-34).
13, 71
Suppose 3062 = 4*u + 5*a + 861, 551 = u + 2*a. What are the prime factors of u?
3, 61
Let h(b) = 5*b. Suppose a = -y - 2*y + 18, -2*a = 0. List the prime factors of h(y).
2, 3, 5
What are the prime factors of -656*(-9 - (-119)/14)?
2, 41
Suppose -3*q = -0*d - d + 2, d + 2*q + 3 = 0. Let w be (d - (-4)/4)/(-1). Suppose -2*a + 3*b = -76, w = b + 2*b - 12. What are the prime factors of a?
2, 11
Let b be -7*(-7)/((-147)/(-12)). What are the prime factors of -417*b/(-12) + -2?
137
Let r be 4/(-10) + 226/(-10). Suppose 0 = 2*x + 57 + 27. Let d = r - x. What are the prime factors of d?
19
Let r(j) = 2*j**3 - 6*j**2 + 21*j - 11. What are the prime factors of r(6)?
331
Let r = -2138 - -3839. What are the prime factors of r?
3, 7
Let a(d) = -d**2 + 6*d - 6. Let m be a(5). Let u be (-246)/3*m/(-2). Let z = u + 65. List the prime factors of z.
2, 3
Suppose 4 - 13 = -3*c. Suppose -3*z + c*n + 81 = 0, -3*n = -2*z - 0*n + 50. What are the prime factors of z?
31
Let p(j) = j**2 + 9*j - 16. Suppose 15 = -5*u, -2*v + 3513 = 2*v + 5*u. Let i be v/(-70) - 3/(-5). List the prime factors of p(i).
2, 5
What are the prime factors of 430 + 32 + (-4)/2?
2, 5, 23
Let s be -66*(2 + (-26)/6). Suppose p - 2*p = -4*a + s, -2*a - 4*p + 68 = 0. List the prime factors of a.
2, 19
What are the prime factors of (40 + (-20)/(-5))*14?
2, 7, 11
Let z be 92/5 + 20/(-50). Suppose -3*i + z = -36. List the prime factors of i.
2, 3
Let d = 996 - -648. What are the prime factors of d?
2, 3, 137
Let w = 91 + -46. Let m = 32 - w. Let n = 62 + m. What are the prime factors of n?
7
Let k(z) = z**2 - 13*z + 7. Let l be k(12). Let y = l + 11. Suppose 5*v = 2*f - y - 30, -2*f + 4 = 3*v. What are the prime factors of f?
2
Let w(q) = q**3 + 11*q**2 - 3*q - 9. Suppose -5*s = -3*i - 20, s = i - s + 6. What are the prime factors of w(i)?
11
Let t = -345 - -368. What are the prime factors of t?
23
Suppose 19 = -4*a - 21. Suppose -6*s = -4*s + 70. List the prime factors of (238/s)/(1/a).
2, 17
Let h be -21 + (-12)/4*1. What are the prime factors of (h/9)/(2/(-24))?
2
Suppose -3*m - 3*c - 170 + 1682 = 0, 3*m + 5*c = 1514. What are the prime factors of m?
503
Let i(o) = -2*o + 3. Let y be i(2). Let p be (2 - 2) + y + 1. Let m(z) = z**3 - z**2 - z + 53. What are the prime factors of m(p)?
53
Let m(j) = 22*j**2 + j + 1. Let i be m(-1). Let o = 4 - -19. Suppose -5*l + i = -o. List the prime factors of l.
3
Suppose -4*q = -8, 4*q - 26 = f + 2*f. Let t(s) = -s - 1. Let j be t(f). Suppose 0*z + 45 = j*z. What are the prime factors of z?
3
Let p be (-6 + 878)/((-2)/(-1)). Let m be (-9)/45 - p/(-5). Suppose 2*n + n - m = 0. List the prime factors of n.
29
Let z = -2 + -16. Let t(d) = -2*d - 31. Let u be t(z). Suppose 2*j - 38 = 4*c, j - 4*j + u*c = -52. List the prime factors of j.
3
Suppose 5*c = -16*c + 18375. List the prime factors of c.
5, 7
Suppose 3*y - 4*j - 1577 = 0, -2*j - j - 2621 = -5*y. What are the prime factors of y?
523
Suppose 0 = -0*c - 4*c + 336. Suppose f + 2*z = 3*f - 24, -5*f + c = z. What are the prime factors of f?
2
Let t(q) = -q - 10. Let c be t(-5). Let v be c/(-2) + 6/(-12). Suppose 3*j = d - 0*j - 29, v*d - 55 = 5*j. List the prime factors of d.
2, 5
Suppose -5*f + 3*s - 2 = 0, -2*f - 5*s = -s - 20. Suppose f*j = 132 - 44. List the prime